{"id":129,"date":"2021-03-24T21:45:06","date_gmt":"2021-03-24T21:45:06","guid":{"rendered":"https:\/\/lafittetaekwondo.com\/?page_id=129"},"modified":"2021-03-25T01:01:28","modified_gmt":"2021-03-25T01:01:28","slug":"quienes-somos","status":"publish","type":"page","link":"https:\/\/lafittetaekwondo.com\/index.php\/quienes-somos\/","title":{"rendered":"Quienes Somos"},"content":{"rendered":"\n<div class=\"wp-block-cover alignwide has-background-dim-20 has-background-dim has-background-gradient is-position-center-center\" style=\"min-height:375px;aspect-ratio:unset;\"><span aria-hidden=\"true\" class=\"wp-block-cover__gradient-background has-very-light-gray-to-cyan-bluish-gray-gradient-background\"><\/span><img loading=\"lazy\" decoding=\"async\" width=\"1200\" height=\"1200\" class=\"wp-block-cover__image-background wp-image-130\" alt=\"\" src=\"https:\/\/lafittetaekwondo.com\/wp-content\/uploads\/2021\/03\/IMG_1417.jpg\" style=\"object-position:33% 24%\" data-object-fit=\"cover\" data-object-position=\"33% 24%\" srcset=\"https:\/\/lafittetaekwondo.com\/wp-content\/uploads\/2021\/03\/IMG_1417.jpg 1200w, https:\/\/lafittetaekwondo.com\/wp-content\/uploads\/2021\/03\/IMG_1417-300x300.jpg 300w, https:\/\/lafittetaekwondo.com\/wp-content\/uploads\/2021\/03\/IMG_1417-1024x1024.jpg 1024w, https:\/\/lafittetaekwondo.com\/wp-content\/uploads\/2021\/03\/IMG_1417-150x150.jpg 150w, https:\/\/lafittetaekwondo.com\/wp-content\/uploads\/2021\/03\/IMG_1417-768x768.jpg 768w\" sizes=\"(max-width: 1200px) 100vw, 1200px\" \/><div class=\"wp-block-cover__inner-container is-layout-flow wp-block-cover-is-layout-flow\">\n<p class=\"has-text-align-right has-text-color\" style=\"color:#fffffa;font-size:1px;line-height:1.1\">.<\/p>\n<\/div><\/div>\n\n\n\n<p class=\"has-text-align-center has-black-color has-white-background-color has-text-color has-background has-normal-font-size\">La Academia Lafitte Taekwondo se encuentra en la ciudad de Arequipa Per\u00fa, <strong>inaugurada en el a\u00f1o 2015<\/strong> por el <strong>Profesor Marco Antonio Bedregal Lafitte<\/strong> cintur\u00f3n negro 4to DAN, poseedor de t\u00edtulo internacional como Maestro, con experiencia de m\u00e1s de 20 a\u00f1os brindando clases a ni\u00f1os y j\u00f3venes.<\/p>\n\n\n\n<div class=\"wp-block-image is-style-default\"><figure class=\"aligncenter size-large\"><img loading=\"lazy\" decoding=\"async\" width=\"410\" height=\"404\" src=\"http:\/\/lafittetaekwondo.com\/wp-content\/uploads\/2021\/03\/Logo-Federacion-2.png\" alt=\"\" class=\"wp-image-146\" srcset=\"https:\/\/lafittetaekwondo.com\/wp-content\/uploads\/2021\/03\/Logo-Federacion-2.png 410w, https:\/\/lafittetaekwondo.com\/wp-content\/uploads\/2021\/03\/Logo-Federacion-2-300x296.png 300w\" sizes=\"(max-width: 410px) 100vw, 410px\" \/><\/figure><\/div>\n\n\n\n<div class=\"wp-block-group\"><div class=\"wp-block-group__inner-container is-layout-flow wp-block-group-is-layout-flow\">\n<div class=\"wp-block-columns is-layout-flex wp-container-core-columns-is-layout-2 wp-block-columns-is-layout-flex\">\n<div class=\"wp-block-column is-vertically-aligned-center is-layout-flow wp-block-column-is-layout-flow\" style=\"flex-basis:100%\">\n<div class=\"wp-block-group\"><div class=\"wp-block-group__inner-container is-layout-flow wp-block-group-is-layout-flow\">\n<div class=\"wp-block-columns is-layout-flex wp-container-core-columns-is-layout-1 wp-block-columns-is-layout-flex\">\n<div class=\"wp-block-column is-layout-flow wp-block-column-is-layout-flow\" style=\"flex-basis:100%\">\n<p class=\"has-text-align-center\"><strong>Registrada en la Federaci\u00f3n Peruana de Taekwondo<br><\/strong><a href=\"http:\/\/www.fdptkd.pe\/\">http:\/\/www.fdptkd.pe\/<\/a><\/p>\n<\/div>\n<\/div>\n<\/div><\/div>\n\n\n\n<div class=\"wp-block-image\"><figure class=\"aligncenter size-large is-resized\"><img loading=\"lazy\" decoding=\"async\" src=\"https:\/\/lafittetaekwondo.com\/wp-content\/uploads\/2021\/03\/KMS-LAFITTE-1.png\" alt=\"\" class=\"wp-image-136\" width=\"420\" height=\"263\" srcset=\"https:\/\/lafittetaekwondo.com\/wp-content\/uploads\/2021\/03\/KMS-LAFITTE-1.png 632w, https:\/\/lafittetaekwondo.com\/wp-content\/uploads\/2021\/03\/KMS-LAFITTE-1-300x188.png 300w\" sizes=\"(max-width: 420px) 100vw, 420px\" \/><\/figure><\/div>\n\n\n\n<p class=\"has-text-align-center\"><strong>Miembro activo en la Kukkiwon con el n\u00famero de ID PE000103<\/strong><strong><br>lo que permite a Lafitte Taekwondo<br>avalar ascensos para cinturones negros<br><\/strong><strong><a href=\"https:\/\/n9.cl\/ugnjm\">https:\/\/n9.cl\/ugnjm<\/a><\/strong><\/p>\n<\/div>\n<\/div>\n<\/div><\/div>\n\n\n\n<p><\/p>\n","protected":false},"excerpt":{"rendered":"<p>La Academia Lafitte Taekwondo se encuentra en la ciudad de Arequipa Per\u00fa, inaugurada en el a\u00f1o 2015 por el Profesor Marco Antonio Bedregal Lafitte cintur\u00f3n negro 4to DAN, poseedor de t\u00edtulo internacional como Maestro, con experiencia de m\u00e1s de 20 a\u00f1os brindando clases a ni\u00f1os y j\u00f3venes. Registrada en la Federaci\u00f3n Peruana de Taekwondohttp:\/\/www.fdptkd.pe\/ Miembro [&hellip;]<\/p>\n","protected":false},"author":1,"featured_media":0,"parent":0,"menu_order":0,"comment_status":"closed","ping_status":"closed","template":"templates\/template-page-full-width.php","meta":{"footnotes":""},"class_list":["post-129","page","type-page","status-publish","hentry"],"aioseo_notices":[],"_links":{"self":[{"href":"https:\/\/lafittetaekwondo.com\/index.php\/wp-json\/wp\/v2\/pages\/129"}],"collection":[{"href":"https:\/\/lafittetaekwondo.com\/index.php\/wp-json\/wp\/v2\/pages"}],"about":[{"href":"https:\/\/lafittetaekwondo.com\/index.php\/wp-json\/wp\/v2\/types\/page"}],"author":[{"embeddable":true,"href":"https:\/\/lafittetaekwondo.com\/index.php\/wp-json\/wp\/v2\/users\/1"}],"replies":[{"embeddable":true,"href":"https:\/\/lafittetaekwondo.com\/index.php\/wp-json\/wp\/v2\/comments?post=129"}],"version-history":[{"count":19,"href":"https:\/\/lafittetaekwondo.com\/index.php\/wp-json\/wp\/v2\/pages\/129\/revisions"}],"predecessor-version":[{"id":181,"href":"https:\/\/lafittetaekwondo.com\/index.php\/wp-json\/wp\/v2\/pages\/129\/revisions\/181"}],"wp:attachment":[{"href":"https:\/\/lafittetaekwondo.com\/index.php\/wp-json\/wp\/v2\/media?parent=129"}],"curies":[{"name":"wp","href":"https:\/\/api.w.org\/{rel}","templated":true}]}}

<div class="wp-block-cover alignwide has-background-dim-20 has-background-dim has-background-gradient is-position-center-center" style="min-height:375px;aspect-ratio:unset;"><span aria-hidden="true" class="wp-block-cover__gradient-background has-very-light-gray-to-cyan-bluish-gray-gradient-background"></span><img loading="lazy" decoding="async" width="1200" height="1200" class="wp-block-cover__image-background wp-image-130" alt="" src="https://lafittetaekwondo.com/wp-content/uploads/2021/03/IMG_1417.jpg" style="object-position:33% 24%" data-object-fit="cover" data-object-position="33% 24%" srcset="https://lafittetaekwondo.com/wp-content/uploads/2021/03/IMG_1417.jpg 1200w, https://lafittetaekwondo.com/wp-content/uploads/2021/03/IMG_1417-300x300.jpg 300w, https://lafittetaekwondo.com/wp-content/uploads/2021/03/IMG_1417-1024x1024.jpg 1024w, https://lafittetaekwondo.com/wp-content/uploads/2021/03/IMG_1417-150x150.jpg 150w, https://lafittetaekwondo.com/wp-content/uploads/2021/03/IMG_1417-768x768.jpg 768w" sizes="(max-width: 1200px) 100vw, 1200px" /><div class="wp-block-cover__inner-container is-layout-flow wp-block-cover-is-layout-flow">
<p class="has-text-align-right has-text-color" style="color:#fffffa;font-size:1px;line-height:1.1">.</p>
</div></div>



<p class="has-text-align-center has-black-color has-white-background-color has-text-color has-background has-normal-font-size">La Academia Lafitte Taekwondo se encuentra en la ciudad de Arequipa Perú, <strong>inaugurada en el año 2015</strong> por el <strong>Profesor Marco Antonio Bedregal Lafitte</strong> cinturón negro 4to DAN, poseedor de título internacional como Maestro, con experiencia de más de 20 años brindando clases a niños y jóvenes.</p>



<div class="wp-block-image is-style-default"><figure class="aligncenter size-large"><img loading="lazy" decoding="async" width="410" height="404" src="http://lafittetaekwondo.com/wp-content/uploads/2021/03/Logo-Federacion-2.png" alt="" class="wp-image-146" srcset="https://lafittetaekwondo.com/wp-content/uploads/2021/03/Logo-Federacion-2.png 410w, https://lafittetaekwondo.com/wp-content/uploads/2021/03/Logo-Federacion-2-300x296.png 300w" sizes="(max-width: 410px) 100vw, 410px" /></figure></div>



<div class="wp-block-group"><div class="wp-block-group__inner-container is-layout-flow wp-block-group-is-layout-flow">
<div class="wp-block-columns is-layout-flex wp-container-core-columns-is-layout-2 wp-block-columns-is-layout-flex">
<div class="wp-block-column is-vertically-aligned-center is-layout-flow wp-block-column-is-layout-flow" style="flex-basis:100%">
<div class="wp-block-group"><div class="wp-block-group__inner-container is-layout-flow wp-block-group-is-layout-flow">
<div class="wp-block-columns is-layout-flex wp-container-core-columns-is-layout-1 wp-block-columns-is-layout-flex">
<div class="wp-block-column is-layout-flow wp-block-column-is-layout-flow" style="flex-basis:100%">
<p class="has-text-align-center"><strong>Registrada en la Federación Peruana de Taekwondo<br></strong><a href="http://www.fdptkd.pe/">http://www.fdptkd.pe/</a></p>
</div>
</div>
</div></div>



<div class="wp-block-image"><figure class="aligncenter size-large is-resized"><img loading="lazy" decoding="async" src="https://lafittetaekwondo.com/wp-content/uploads/2021/03/KMS-LAFITTE-1.png" alt="" class="wp-image-136" width="420" height="263" srcset="https://lafittetaekwondo.com/wp-content/uploads/2021/03/KMS-LAFITTE-1.png 632w, https://lafittetaekwondo.com/wp-content/uploads/2021/03/KMS-LAFITTE-1-300x188.png 300w" sizes="(max-width: 420px) 100vw, 420px" /></figure></div>



<p class="has-text-align-center"><strong>Miembro activo en la Kukkiwon con el número de ID PE000103</strong><strong><br>lo que permite a Lafitte Taekwondo<br>avalar ascensos para cinturones negros<br></strong><strong><a href="https://n9.cl/ugnjm">https://n9.cl/ugnjm</a></strong></p>
</div>
</div>
</div></div>



<p></p>

<p>La Academia Lafitte Taekwondo se encuentra en la ciudad de Arequipa Perú, inaugurada en el año 2015 por el Profesor Marco Antonio Bedregal Lafitte cinturón negro 4to DAN, poseedor de título internacional como Maestro, con experiencia de más de 20 años brindando clases a niños y jóvenes. Registrada en la Federación Peruana de Taekwondohttp://www.fdptkd.pe/ Miembro [&hellip;]</p>
